 - 2) + -10 + 8?
2, 8689
Let h(t) be the second derivative of t**5/20 + 2*t**4/3 - 7*t**3/6 - 5*t**2/2 - 14*t. Let f be h(-4). Let d = f + -36. What are the prime factors of d?
3, 17
Let g be (120/50)/((-51)/30 - -2). List the prime factors of 2 - (-331 + g/2) - 4.
5, 13
Suppose -330*b = -280*b - 2136000. List the prime factors of b.
2, 3, 5, 89
Let n = -59 + 493. Let d = n - 63. List the prime factors of d.
7, 53
Let t(c) = 5*c**3 - 63*c**2 + 9*c + 70. What are the prime factors of t(15)?
5, 7, 83
Let f(o) = 13*o + 15. Let z(i) = -18*i - 9. Let a(s) = s - 1. Let k(w) = -6*a(w) - z(w). Let p(q) = 5*f(q) - 6*k(q). What are the prime factors of p(-12)?
3, 23
Let j = 9 - 1. Suppose -j*c + 8918 = 5*c. List the prime factors of c.
2, 7
Suppose -8 = 6*l + 16. What are the prime factors of (-210)/55 + l/22 + 86?
2, 41
Let y = 165 - 163. Suppose 0 = y*u - 5*h - 1757, -16*h - 3535 = -4*u - 13*h. What are the prime factors of u?
2, 443
Let i be 6 - (-7 + 1 - 3). Suppose 4*v + 2519 = i*v. List the prime factors of v.
229
Let l(y) = -y**2 + 29*y - 103. Let i be l(24). Let j = i + 816. What are the prime factors of j?
7, 17
Suppose -15 = -5*a, -4*h + 0*a - 3*a + 29 = 0. Let d(y) = -h*y - 3*y**3 + y + 2 - 4*y + 4*y. List the prime factors of d(-3).
5, 19
Suppose -8*p + 8641 = -6391. Suppose p = d + 3*n, 5*d - 10796 = 2*n - 1350. List the prime factors of d.
2, 59
Let n(v) = -11*v**3 + 9*v**2 + 13*v + 82. What are the prime factors of n(-7)?
5, 29
Suppose d + 5*b - 7 = 0, 20*b - 24*b = d - 11. Suppose -6834 = 21*t - d*t. List the prime factors of t.
17, 67
Suppose -4*d - 20 = 0, 0 = 8*m - 5*m - 2*d - 1336. Suppose -5*j - m = -2257. What are the prime factors of j?
3, 11
Let s(t) = 299*t - 1. Suppose -f - 5 = 0, -5*b - 14 = 5*f + 6. List the prime factors of s(b).
2, 149
Suppose 2750901 = 132*f - 2553651. What are the prime factors of f?
2, 71, 283
Let b = 588 + 756. Let r = -504 + b. List the prime factors of r.
2, 3, 5, 7
Let k(z) = 14*z + 12. Let u(n) = -13*n - 13. Let y(w) = 4*k(w) + 5*u(w). Let a be 1*(4 - -10)/(-2). List the prime factors of y(a).
2, 23
Let m(u) = -u**2 - u + 379. Let f be 1 + -6 - (11 + -16). List the prime factors of m(f).
379
Suppose 5*a - 919 = 4*t - 3461, -2*a + 3128 = 5*t. Let h be 1/2 - 11/(-2). Suppose h*i + 124 = t. List the prime factors of i.
2, 3, 7
Let z(d) = d**2 + d - 1. Let i(t) = t**2 - 6*t - 3. Let n(o) = -i(o) + 2*z(o). Let j be n(-8). Suppose -4 + j = -v. What are the prime factors of v?
3
Suppose 4*j = 5*s - 139773 - 175692, 189252 = 3*s + 3*j. List the prime factors of s.
13, 23, 211
Let c(q) = 3*q**3 - 65*q**2 + 30*q + 87. What are the prime factors of c(24)?
3, 1613
What are the prime factors of 40705 + -3 + (33 - 34) + -7?
2, 20347
Let z(q) = 12*q**2 + 55*q + 676. What are the prime factors of z(-15)?
2551
Suppose -44*q + x = -47*q + 83187, -4*x = -3*q + 83202. What are the prime factors of q?
2, 5, 47, 59
Let c = 193 - 123. Let j be (-2)/7 - 5/(c/1004). Let i = 15 - j. List the prime factors of i.
3, 29
Suppose 61752 = 3*v + x, -70*x = -74*x + 24. What are the prime factors of v?
2, 41, 251
Let n = -28013 - -39353. What are the prime factors of n?
2, 3, 5, 7
Let n(s) = s**2 - 6*s - 1. Let c be n(6). Let t(l) = -238*l**3 + l**2 - l - 2. List the prime factors of t(c).
2, 7, 17
Let k be 3*-3 + 20 + -16. Let a(i) = 22*i**2 + 9*i - 9. Let g be a(k). Suppose 0 = -5*o - 51 + g. List the prime factors of o.
89
List the prime factors of -8 + (-13)/39*(-13605)/1.
3, 503
Let f = 66 - 64. Suppose b = 3*d - d - 2286, -f*b = 4*d - 4580. What are the prime factors of d?
2, 11, 13
Let s(i) be the third derivative of -i**4/24 - 3*i**3/2 + 20*i**2. Let b be s(0). Let z = 110 - b. List the prime factors of z.
7, 17
Let c(v) = 262*v**2 - v - 1. Let f be c(-1). Suppose -3*u + f = -3*n - n, 0 = -u + 3*n + 89. What are the prime factors of u?
2, 43
Let a = -5676 - -16085. What are the prime factors of a?
7, 1487
Suppose 0 = -2*m - m + 6. Suppose 5*z = m*z - 9. List the prime factors of 3 - (-14 + z + 1).
19
Let i = 1146 - 783. List the prime factors of i*(70/21 + -2).
2, 11
Let p(j) = 3*j**2 + 34*j + 712. What are the prime factors of p(48)?
2, 13, 89
Suppose 2*v - 28485 = 3*d - 4477, 0 = v - 2*d - 12007. List the prime factors of v.
5, 2399
Let v = 55 - 51. Suppose 3*x = v*x - 22. Suppose 40 = -x*c + 26*c. List the prime factors of c.
2, 5
Suppose -817 + 1961 = -13*h. Let v be (6/(-8))/(22/h). Suppose -2*q - v*y + 194 + 154 = 0, 0 = -4*q + 3*y + 660. What are the prime factors of q?
2, 3, 7
List the prime factors of (-7)/((-28)/51)*74296/111.
2, 17, 251
Let t(c) = 429*c**2 - 95*c + 507. List the prime factors of t(5).
31, 347
Let l(m) = m**3 + 29*m**2 + 20*m - 76. Let s(u) = -4*u**3 - 118*u**2 - 80*u + 305. Let r(v) = 9*l(v) + 2*s(v). What are the prime factors of r(-23)?
2, 131
Let i be 2/5 - (15072/(-15))/8. Suppose 0 = 3*z + i - 1116. What are the prime factors of z?
2, 3, 5, 11
What are the prime factors of (-12949089)/(-741) - (-6)/(-39)?
3, 5, 233
Let l = -703 - -8646. What are the prime factors of l?
13, 47
Suppose 4*a + 5*h - 2*h = -2, 3*a + 3*h = 0. List the prime factors of (-10700)/(-15) - (16/12 + a).
2, 3, 7, 17
Let f = -6222 - -6218. Let g(d) be the first derivative of 8*d**3/3 - d**2 + d + 1. List the prime factors of g(f).
137
Suppose k - 10271 = 2*b + 7398, 4*k + 5*b = 70780. List the prime factors of k.
3, 5, 131
Let l be ((-60)/3)/(-4) - -3 - -2. Suppose 2*p = -5*j + 4*p + l, 5*j + 2*p = 30. Suppose 0 = -2*d - j*d + 288. What are the prime factors of d?
2, 3
Suppose 4*v - 3*i = -i - 86, -5*i - 27 = v. Let b = v - -25. Suppose b*x + 0 - 132 = 0. What are the prime factors of x?
2, 11
Suppose 255 = y + 2*y - 3*p, y - 87 = -p. Let r = 21 + y. What are the prime factors of r?
107
Suppose 0 = 2*d - 5*d - 1305. Let o = 142 - d. What are the prime factors of o?
577
Let i be ((-1)/(-4) + 76/16)/1. Suppose i*z - 126 = 99. Let d = 136 - z. What are the prime factors of d?
7, 13
Let y be 9/(36/1280) + -2. Let w = 457 - y. Suppose 0*v - 3*v - 2*q + 180 = 0, 0 = -2*v + 5*q + w. What are the prime factors of v?
2, 31
Suppose -3*b + 22 = 13. Suppose v - 2*v = -b. Suppose 0 = 3*w + 2*o - 15, v*o + o = w - 5. List the prime factors of w.
5
Let v be (-9)/(-12)*8/1. What are the prime factors of 3178*(-2)/(-42)*v?
2, 227
Suppose -29*r + 87 = -0*r. Let q be 0 - -571 - (-2)/(-2). Suppose l = -4*l - 5, -r*t + q = -3*l. What are the prime factors of t?
3, 7
Let t(j) = j**3 - 18*j**2 - 17*j - 36. Let m be t(19). Suppose 3*y + m*l - 139 - 443 = 0, -4*y - 2*l + 776 = 0. What are the prime factors of y?
2, 97
Suppose 5*g - 58825 = -6*s + 2*s, -g + 11751 = -2*s. List the prime factors of g.
19, 619
What are the prime factors of (-2)/(-13) + (-9)/(-702) + (-2466110)/(-60)?
2, 20551
List the prime factors of 111097/2 + (-5588)/1016.
67, 829
Let v be (-21)/(-3)*1*(-24)/(-84). Suppose -2*y - 1361 = -3*d + 2302, 5*d - v*y = 6109. What are the prime factors of d?
1223
Let u(j) = -55*j + 21. Let v be 12*(15/(-6))/5. What are the prime factors of u(v)?
3, 13
Suppose -4*i - 2*p = -28 + 6, -4*i - 4*p = -20. Suppose -4*o + 2312 = 3*s - i*o, 2*o - 3106 = -4*s. What are the prime factors of s?
2, 3, 43
Suppose 377750 = -3*p + 5*p + 23*p. What are the prime factors of p?
2, 5, 1511
What are the prime factors of (-2)/(-10) + (-1916037)/(-215)?
2, 557
Let i(b) = 16*b**3 + 2*b**2 + 88*b - 694. What are the prime factors of i(7)?
2, 3, 17
Let b = 97 - 103. Let k(c) = -5*c**2 - 23*c - 13. Let l(v) = 6*v**2 + 22*v + 11. Let t(w) = b*l(w) - 7*k(w). What are the prime factors of t(25)?
5
Let w(y) = 3*y**2 + y - 2. Let b(r) = -4*r**2 - 2*r + 1. Let f(a) = 2*b(a) + 3*w(a). Let o be f(3). Suppose -7*z = -523 - o. What are the prime factors of z?
3, 5
Suppose -2*y + 8*y + 36 = 0. Let j be 0 + 69/(-9) - (-2)/y. Let o(z) = -z**2 - 21*z - 11. List the prime factors of o(j).
3, 31
Suppose -n + 11708 = 2*b, -3*b = 12*b + 2*n - 87832. What are the prime factors of b?
2, 3, 61
Suppose 8913*o = 8936*o - 280922. What are the prime factors of o?
2, 31, 197
Let k = -34580 - -69741. List the prime factors of k.
7, 5023
Let w(i) = -27*i + 29*i + 20 + 1 - 2 + 30*i**2. List the prime factors of w(-6).
1087
Let c(j) = -j**2 - 17*j - 35. Let m be c(-14). Suppose 0 = 5*k - 3*x +